st common divisor of 56 and l.
14
Let l(t) = 2*t**2 - 2*t + 232. Let p be l(0). Calculate the greatest common divisor of 29 and p.
29
Let j(o) = 4*o - 21. Let h(d) = 2*d - 11. Let t(g) = -7*h(g) + 4*j(g). Suppose m = -3*m + 28. Let z be t(m). What is the highest common divisor of 21 and z?
7
Suppose 0*p - 2*p - j = 2, p - 9 = 2*j. Let h be 77 + p*(0 - 0). Calculate the highest common divisor of h and 11.
11
Let g be (4 - (-7)/(-2))*72. Let t(s) = 5*s - 1. Let j be t(2). What is the highest common factor of g and j?
9
Let n(o) = o + 9. Let j be n(-7). Suppose -j + 54 = 2*h. Calculate the greatest common factor of h and 39.
13
Suppose u - 4*u + 3*w + 3 = 0, 0 = u + 2*w - 16. Let p = -117 + 51. Let h = -42 - p. What is the highest common divisor of h and u?
6
Let b(t) = -98*t + 1. Let y(v) = v**3 + 13*v**2 + 11*v - 13. Let c be y(-12). Let h be b(c). What is the highest common divisor of h and 9?
9
Let y be 2 + (-9)/(-3) + 0. Suppose 0 = -3*f - 6*h + h + 209, y*h - 141 = -2*f. What is the greatest common factor of f and 17?
17
Let z be (-945)/10*(-8)/6. Suppose 5*y - 29 = -4*r, -y - 2*y = r - 16. Suppose 15 = y*w - 75. What is the greatest common factor of z and w?
18
Suppose 0 = -2*k + 123 + 245. What is the greatest common divisor of k and 23?
23
Let w = 37 + -25. What is the highest common divisor of 48 and w?
12
Let r = -202 + 294. What is the greatest common factor of r and 23?
23
Let y(a) = 0 + 3 + 24*a - 6 + 0. Suppose 0 = -2*c + 2*l + 2*l - 8, 2*c + 5*l = 19. Let f be y(c). Calculate the greatest common factor of 9 and f.
9
Let y = -14 - -49. What is the highest common factor of 7 and y?
7
Suppose 4*h = -3*a - 2*a - 2, -2*a - 8 = -2*h. Calculate the greatest common divisor of h and 6.
2
Let t be 4/12 - 44/(-3). Suppose 2*h - t = 7*h. Let i be h/3 - (0 + -3). Calculate the highest common divisor of 22 and i.
2
Suppose 3*k - 13 = -4. Suppose 0 = -0*h + k*h - 15. Suppose 47 = 2*q - h*u, -5*q + 2*u + 13 = -73. What is the greatest common factor of q and 40?
8
Let g(d) = -1 - 1 - 10*d - 1 + 2*d. Let q be g(-2). Calculate the greatest common factor of q and 39.
13
Let c(z) = 63*z - 3. Let o be c(1). Calculate the greatest common factor of 36 and o.
12
Let v be 1 + 32 + (-12)/(-4). Let g be (10 - 0) + -2 + 1. Calculate the greatest common factor of v and g.
9
Let t = -5 + 5. Suppose x - 1 + 0 = t. Let l be (x - -2)/((-9)/(-6)). Calculate the greatest common divisor of 5 and l.
1
Suppose -2*f - 60 = -2*d + f, -d + f + 32 = 0. Let l be (-6)/(-10) - d/(-15). Suppose l*w + 27 = 6*w. Calculate the highest common factor of 27 and w.
9
Let h(y) = 2*y**2 - 3 - 3*y + 8*y**2 - 9*y**2. Let m be h(4). Calculate the highest common divisor of m and 1.
1
Let w = -80 + 184. Calculate the greatest common factor of 13 and w.
13
Suppose 0 = -6*g + g + 20, 0 = -4*f + 3*g + 384. What is the highest common divisor of f and 11?
11
Let k be -10*2/(-4) - 2. Suppose -7 = k*o - 61. Suppose 5*b - c - 360 = 0, -451 + 91 = -5*b - 3*c. Calculate the highest common factor of o and b.
18
Let o be 14/(-49) + (0 - (-214)/14). Calculate the greatest common factor of o and 165.
15
Suppose -8 + 14 = 3*g. What is the greatest common factor of g and 2?
2
Suppose 0 = -r - 10 - 16. Let b = r + 56. What is the greatest common divisor of b and 45?
15
Let n be 0 + (-86)/(-18) - (-2)/9. What is the greatest common divisor of 20 and n?
5
Suppose -y - 6 + 0 = 0. Let u = 12 + y. Calculate the highest common factor of u and 6.
6
Suppose 0 = p - 2*g - 34, -52 = 5*p - 7*p - 4*g. Calculate the highest common factor of p and 75.
15
Suppose -2*u - j + 84 = 2*j, -2*u + 4*j = -56. Let a = 5 - -19. What is the greatest common divisor of a and u?
12
Let b = 74 + -133. Let t = -7 - b. What is the greatest common factor of t and 13?
13
Suppose 0 = -u - 3*j + 37, 3*u + 5*j - 28 = 71. Let w be -1 + (-1 - 0)*-5. What is the greatest common divisor of u and w?
4
Suppose -5*x = -1629 + 29. Suppose 8*d = 4*d + x. Calculate the greatest common divisor of 10 and d.
10
Let y be (-2)/6*(1 + -7). Suppose -y*q + 5*o = -3*q + 45, -3*o = -4*q + 111. What is the greatest common divisor of 6 and q?
6
Let u = 13 + 11. What is the greatest common divisor of 12 and u?
12
Let a(c) = -c + 30. Let k be a(15). Let p be (-447)/(-5) - k/(-25). Calculate the highest common divisor of p and 10.
10
Suppose -u = -3*z - 15, 2*z = 5*u - 33 - 42. What is the greatest common factor of u and 30?
15
Let z = -27 + 38. What is the highest common divisor of z and 33?
11
Let a(r) = r**2 - r + 2. Let s be a(0). Calculate the highest common divisor of 6 and s.
2
Suppose 2*g = -g + 204. Calculate the highest common divisor of 102 and g.
34
Let m = 53 + -40. What is the highest common factor of 91 and m?
13
Let p be (-9)/2*8/(-6). Let d be -3*2/3 + 1*3. Calculate the highest common divisor of p and d.
1
Let d(j) = j**2 + 3*j + 3. Let h be d(-6). Calculate the highest common divisor of 7 and h.
7
Suppose 0 = 5*t - 16 + 1. What is the greatest common factor of 12 and t?
3
Let u be (21/3)/(1/33). What is the greatest common divisor of u and 21?
21
Let v be (-660)/(-70) + 3/(-7). What is the highest common divisor of 45 and v?
9
Let s(j) = -24*j - 2. Let k be s(-4). What is the greatest common factor of 47 and k?
47
Let q = -14 + 15. Let h = 0 + q. What is the highest common divisor of 8 and h?
1
Let m(v) = -28*v - 4. Let q be m(-11). What is the greatest common factor of 38 and q?
38
Let k(u) = -1. Let l(z) = 29*z + 3. Let x(f) = 2*k(f) + l(f). Suppose 0 = -3*r - 2*r + 5. Let m be x(r). Calculate the greatest common divisor of m and 20.
10
Let a be -1*(0 - (1 - -2)). Calculate the highest common factor of 81 and a.
3
Let j be (1/((-1)/26))/(-1). Let x(m) = 12*m + 5. Let i be ((-2)/4)/((-3)/30). Let t be x(i). Calculate the highest common factor of t and j.
13
Suppose 2*f = -3*h + 346, 0 = -3*h + 3*f + 263 + 58. Let y be -3*(0 - 32/6). Calculate the greatest common divisor of h and y.
16
Suppose -5*p + 0*p = -110. Let y = -75 - -185. Calculate the highest common divisor of p and y.
22
Let m = 13 + -9. Suppose m*c = 5*c - 126. Calculate the greatest common factor of 14 and c.
14
Let v be (6 - 3)/(6/(-4)). Let f be v/9 + (-38)/(-9). Suppose 5*k = 4*b - 367, -f*b + 397 = -3*k + 4*k. Calculate the highest common divisor of b and 14.
14
Let v(x) = 2*x**3 - x**2 + 6*x + 4. Let n be v(4). Calculate the highest common factor of n and 20.
20
Let w = -50 + 86. Suppose -q = -3*s - 6, 2*q - s - s = 4. Suppose q = 4*d - 22 - 338. Calculate the greatest common divisor of w and d.
18
Let w(s) = 0*s**2 + s**2 + 2 - s - s**3 - 1. Let k be w(0). Let t be k*7/(-4)*-4. Calculate the highest common factor of t and 49.
7
Let q = -107 - 1. Let l = q - -173. Let k = l - 20. What is the greatest common factor of 30 and k?
15
Let s = 20 - 19. Suppose 4*a = 2*t - 8, t = -3*a + 5 - 1. Let w be (t/6)/((-2)/(-15)). What is the highest common factor of w and s?
1
Let c = 2 - -6. Let b = c + 14. Calculate the highest common factor of 55 and b.
11
Let l = -5 - -21. Let r be (3/2)/(9/(-3576)). Let z = -420 - r. What is the greatest common factor of z and l?
16
Suppose -4*f - 15 = -9*f. Let n(m) = 20*m**2 + 9*m - 8. Let w be n(1). Calculate the highest common divisor of w and f.
3
Let f(g) = -g**3 - 2*g**2 - 4*g - 5. Let v be f(-2). Suppose 4*i + i = 60. Calculate the highest common factor of i and v.
3
Let t = 161 - 77. Let a be (t/18)/(4/66). Calculate the highest common factor of 11 and a.
11
Let h be 6*((-320)/36)/(-4)*3. What is the highest common divisor of h and 5?
5
Let p(v) = v**3 - 28*v**2 + 29*v - 39. Let l be p(27). Calculate the greatest common divisor of l and 20.
5
Let m be (15/6)/(-1)*-12. Suppose -9*t + m = -6*t. What is the highest common factor of t and 40?
10
Suppose 0 = 2*b - 5 + 1. Suppose -3*i + b*i = t - 26, -4*i + 100 = 2*t. Let r be ((-8)/28)/(3/(-84)). What is the highest common divisor of r and i?
8
Let z(t) = -6*t + 29. Let n be z(3). What is the highest common factor of n and 44?
11
Suppose -2*f - d + 20 = -6*d, -4*d = 2*f - 38. Let i = 27 - f. Let j = 12 + -10. What is the highest common factor of i and j?
2
Let z be 38 + 3/(-1) + 5. Calculate the highest common divisor of 16 and z.
8
Let s(b) = -b**2 + 2*b + 37. Let a be s(7). Calculate the greatest